= -2239. Suppose k - j = -k. What is the hundreds digit of k?
1
Suppose -1036*o + 4453380 = -955*o. What is the thousands digit of o?
4
Suppose -10249 = -3*x - 2*o, -2*o = -2*x - 1790 + 8636. What is the units digit of x?
9
Suppose -96*w = -274*w + 1589528 + 98090. What is the thousands digit of w?
9
Let b = 314 - -1086. Suppose -292 = -l - 3*m, -5*l + 30*m - 25*m = -b. What is the tens digit of l?
8
Suppose -n = -2*q - 9782, q = -3*n + 20164 + 9210. What is the units digit of n?
0
Let o = 7149 + 5970. What is the units digit of o?
9
Suppose -6*s = -3*k - 4*s - 4226, -3*s = 5*k + 7037. Let h = k + 2562. What is the thousands digit of h?
1
Let h(c) = 317*c + 8. Let z be h(-2). What is the tens digit of 9 + -4 - 1 - z?
3
Let a be 3 + ((-2)/(-5) - (-1869)/15). Suppose 5*m - 703 = -5*u - a, u - 579 = -5*m. Suppose -623 = -3*d - m. What is the hundreds digit of d?
1
Let r be 1980 - (-5 - (-10 - -7)). Let c = r - 1278. What is the tens digit of c?
0
Let t(g) = g**2 - 30*g - 66. Let c be t(32). Let z(o) = 210*o**2 - 8*o. What is the tens digit of z(c)?
5
Let m be (-3 + 2)*(-114 - -1). Let r be (-12 + (-142)/2)/1. Let s = r + m. What is the tens digit of s?
3
Let g = -51 + 58. Suppose 1 = -2*b + g. Suppose m + 3*i + 23 = 72, 152 = b*m + 4*i. What is the tens digit of m?
5
Let h = 363 + -368. Let u(l) = 46*l**2 + 125*l + 4. What is the tens digit of u(h)?
2
Let u be 0/((2/2 - 3) + 3). Suppose -3*s + u = -6, -5*z = -2*s + 4. What is the tens digit of (z - 99/(-12))/(5/60)?
9
Let i = 11228 + 69504. What is the hundreds digit of i?
7
Let u(h) = 730*h - 750*h - h**2 - 19 + 33. Let x(y) = -2*y**2 - 6*y + 5. Let d be x(-5). What is the units digit of u(d)?
9
Let g = -39827 - -91876. What is the thousands digit of g?
2
Let o be 5/(3/(-3)) + (-8 - -169). Let v(u) = u**2 + 3*u + 7. Let g be v(-3). Suppose -o - 145 = -g*a. What is the tens digit of a?
4
Let p = -7230 + 12277. What is the units digit of p?
7
Let l be (7/(7/6))/(-3 + 4). Let s(z) = 15*z + 10. Let g be s(l). Let d = g - 56. What is the units digit of d?
4
Let k = 164 + -164. Suppose -2*t - 2*b + 26 = k, 0 = b - 9 + 6. What is the units digit of t?
0
Let m be (59800/78)/((-1)/(-3)). Suppose -4*l + 4*x = -0*x - m, 2*l = 4*x + 1160. What is the tens digit of l?
7
Suppose m + 3*k - 5066 = 0, 18*m - 13*m - 2*k = 25432. What is the hundreds digit of m?
0
Let g(t) = 1027*t**2 - 35*t + 167. What is the hundreds digit of g(7)?
2
Suppose 1355 = 5*b - 4*k, 3*b = -0*b - 4*k + 845. What is the tens digit of (b/(-22) + 10)*(-584)/10?
4
Let y be (-3696)/((-52)/8 + 3 - -2). Let h = y - 1592. What is the tens digit of h?
7
Let z = 10649 + -8282. What is the tens digit of z?
6
Let z(g) = 29*g**2 - 2*g + 5. Let l be (96/288)/((-1)/9). What is the hundreds digit of z(l)?
2
Suppose 0 = -28*o + 17532 + 21416. Let c = o + -404. What is the units digit of c?
7
What is the tens digit of (2 - 12440/(-12)) + ((-121)/(-33))/11?
3
Let h(j) = j**2 - 8*j + 2. Let y be h(12). Let g = y - -262. What is the units digit of g?
2
Suppose -37*k + 53 - 127 = 0. What is the tens digit of 0/(k/2) - -94?
9
Suppose -4*b + 2*b = -13*b. Suppose b = 3*o - q - 1371, -3*o = -5*q - 1000 - 359. What is the units digit of o?
8
Suppose -1310*v - 693604 = -1369*v. What is the ten thousands digit of v?
1
Suppose -25 = 4*a - 17. Let k(o) = -7*o**3 + 3*o**2 + 10*o + 1. What is the units digit of k(a)?
9
Let n be (66/88)/((-2)/(-8)). Suppose -1649 - 673 = -n*r. What is the hundreds digit of r?
7
Suppose 3*d - 5*t = 9, 8 - 2 = 2*d - 5*t. Let u be 3*((-145)/(-105) - 4/(-14)). Suppose -2*b + 75 = k - 119, d*b = u*k - 918. What is the tens digit of k?
8
Let t(s) = 13 + 7 - 240*s - 119 - 113 + 10. What is the units digit of t(-5)?
8
Let d be 0 - (-3 + 2) - 2. Let m(u) = -12*u + 3. Let n be m(d). Let h = n + -11. What is the units digit of h?
4
What is the tens digit of 12/(-15) - ((-516168)/60 + 9)?
9
What is the tens digit of (1 - 228)/((-11)/(48752/16))?
7
What is the hundreds digit of ((-2961090)/275)/(9/(-60))?
7
Let b(u) = -15*u - 101. Let r be b(-7). Suppose -2*k - 3*w + 8*w = -2046, r*k - 5*w - 4112 = 0. What is the units digit of k?
3
Let w(d) = 3*d - 27. Let f be w(10). Let z be (31/(-4))/(f - 39/12). Suppose -132 = -y + z. What is the units digit of y?
3
Suppose 330 - 2 = 4*o + 5*i, -5*o = 4*i - 401. Let b(h) = 2*h**2 - 6*h + 5. Let q be b(5). Let y = q + o. What is the tens digit of y?
0
Let f(q) = 6*q**2 - 3*q + 2. Let z = -82 + 83. Let v be f(z). Suppose -y - 160 = -3*y + 4*c, c + 364 = v*y. What is the tens digit of y?
7
Let p = -38 - -38. Suppose -4*l - 522 - 178 = p. Let d = -94 - l. What is the tens digit of d?
8
Suppose 3*a - 5*h + 6*h - 17366 = 0, 3*h + 12 = 0. What is the tens digit of a?
9
What is the ten thousands digit of (-864597)/(-39) - ((-36)/39)/(-6)?
2
Let s = 48 + -46. Let o be (s + -2)/(-9 + 12). Suppose u - 6*u - 3*k + 588 = o, -2*u + 5*k = -229. What is the hundreds digit of u?
1
Suppose -89*y + 88*y = -4. Suppose 135 = -y*l - 5*l. What is the units digit of 3/l - 3084/(-20)?
4
Let m = -40748 + 57983. What is the hundreds digit of m?
2
Suppose 9*o + 2*a = 5*o + 3738, -5*o = 5*a - 4665. Suppose 4*p - o = -j, -5*p + 3*p + 474 = 2*j. What is the tens digit of p?
3
Suppose -5*t + 7*t = 218. Suppose 4*f - 100 = -4*n, -4*n + t = -f + 14. Let y = n - -128. What is the tens digit of y?
5
Let p(w) = w**3 + 29*w**2 + 31*w + 96. Let a be p(-28). Suppose 15*f - a*f = 1710. What is the hundreds digit of f?
5
Let j(t) = t**2 - 11*t + 27. Let y be j(8). Suppose -2*g - 4*u = -1056, g + u - 2133 = -y*g. Suppose 0 = -9*i + 996 + g. What is the tens digit of i?
7
Let x(b) = -1800*b - 10. Let d be x(-6). Let u be (-4)/(-6) - d/(-15). Suppose -3*n - 2*n = -u. What is the hundreds digit of n?
1
Suppose -1870*j - 1604655 = -1915*j. What is the ten thousands digit of j?
3
Let a = 3710 - -8887. What is the ten thousands digit of a?
1
Let o(m) be the first derivative of 1 - 1/4*m**4 + 166*m - 1/3*m**3 - m**2. What is the hundreds digit of o(0)?
1
Suppose 0 = m - 5*g - 3731, -8*g - 7434 = -2*m - 5*g. What is the tens digit of m?
1
Let l(a) = 80*a - 39. Let h be l(6). Suppose r - 588 = -4*m, -r + 6*r = -3*m + h. What is the tens digit of m?
4
Suppose -115 = 5*h + 5*v, -2*v = -6*h + 4*h - 50. Let f = h - -29. Suppose -2*y = f*c - 6*c - 170, 3*y + 2*c = 255. What is the units digit of y?
5
Suppose a - 5 = -10, 5*u - 404805 = 8*a. What is the units digit of u?
3
Let m = -367 - -374. Suppose m*j - 5*j - 938 = 0. What is the tens digit of j?
6
Let o(m) be the second derivative of 5*m**4/12 - m**3/2 - 81*m**2 + 327*m. What is the tens digit of o(-10)?
6
Let s be 1068/14 - (-2)/(-7). Let i = 4993 - 4885. Let z = s + i. What is the tens digit of z?
8
Let x(j) = -153*j**3 - 78*j**2 + 18*j + 238. What is the units digit of x(-8)?
8
Suppose -6182 + 22257 = -25*m. Let n = m + 766. What is the tens digit of n?
2
Suppose 6 = 4*i + 2, -n - 5*i = -7. What is the hundreds digit of (-12888)/(-84) + n/(28/(-6))?
1
Let f be 3 + (0 - -3) - 4. Suppose 3*n = -q - 19, -2*n - 3 = -2*q - 1. What is the units digit of ((-792)/(-55)*n*f)/(-1)?
4
Let i = 319 - -1432. What is the tens digit of i?
5
Let k(o) = -908*o - 24. Let s be k(-2). Suppose -5*w + s = 9802. What is the units digit of ((-16)/(-48))/(0 - 3/w)?
8
Let g = -36 - -48. Suppose 3*o + 134 = 5*u - 243, -3*o = g. Suppose 5*x - 3*t - u = 20, -2*t = -8. What is the tens digit of x?
2
Suppose 0 = 121*s - 103*s - 616464. What is the hundreds digit of s?
2
Let m(i) = -3*i**3 + 4*i**2 - 2*i - 11. Suppose -2*u + 9 - 33 = -3*c, -c + 8 = -3*u. Suppose -c = 8*b - 6*b. What is the tens digit of m(b)?
5
Let w be (-4)/18 + 698566/99. Suppose -w = -6*a - 492. What is the thousands digit of a?
1
Let i be (-60)/(-9) - -1*2/6. Suppose 2*y - 5 - i = 0. Suppose 0 = -11*t + y*t + 330. What is the tens digit of t?
6
Suppose 0 = 7*v - 1699 - 1269. Suppose 21*h - 17*h = v. Suppose h = 3*q - 32. What is the units digit of q?
6
Let q be (-3577)/(-63) + 7/((-189)/(-6)). Let x(s) = s**2 - s. Let v be x(-1). Let u = v + q. What is the tens digit of u?
5
Suppose 92*w - 91*w + 75735 = 3*q, 2*w = q - 25250. What is the ten thousands digit of q?
2
Let g(l) be the third derivative of 7*l**4/24 - 11*l**3/2 - l**2 + 634. Let z = -2 + 27. What is the un